{"id":415,"date":"2021-12-10T16:21:31","date_gmt":"2021-12-10T16:21:31","guid":{"rendered":"https:\/\/complexosociallousada.pt\/?page_id=415"},"modified":"2024-09-04T14:41:01","modified_gmt":"2024-09-04T14:41:01","slug":"missao-visao-e-valores","status":"publish","type":"page","link":"https:\/\/complexosociallousada.pt\/?page_id=415","title":{"rendered":"Miss\u00e3o, Vis\u00e3o e Valores"},"content":{"rendered":"\n<p class=\"has-nv-light-bg-background-color has-background\" style=\"font-size:15px;font-style:normal;font-weight:200\"><strong>MISS\u00c3O<\/strong><br>Ao servi\u00e7o da Comunidade de Lousada, encontrando respostas sociais e culturais para a integra\u00e7\u00e3o, dinamiza\u00e7\u00e3o e desenvolvimento do individuo enquanto ser biopsicossocial.<\/p>\n\n\n\n<p class=\"has-nv-light-bg-background-color has-background\" style=\"font-size:15px;font-style:normal;font-weight:200\"><strong>VIS\u00c3O<\/strong><br>O COMPLEXO SOCIAL DE LOUSADA visa contribuir para a promo\u00e7\u00e3o integral de todos os paroquianos, coadjuvando os servi\u00e7os p\u00fablicos competentes ou as institui\u00e7\u00f5es particulares num esp\u00edrito de solidariedade humana, crist\u00e3 e social.<\/p>\n\n\n\n<p class=\"has-nv-light-bg-background-color has-background\" style=\"font-size:15px;font-style:normal;font-weight:200\"><strong>VALORES<\/strong><br>As pessoas, o respeito pelo meio socioecon\u00f3mico e o seu desenvolvimento s\u00e3o os pilares do nosso sucesso:<br>&#8211; Satisfa\u00e7\u00e3o do cliente;<br>&#8211; Cultura empresarial; assente em princ\u00edpios de equidade e justi\u00e7a, de \u00e9tica e moral;<br>&#8211; Criar rela\u00e7\u00f5es duradouras com os nossos parceiros.<\/p>\n\n\n\n<p><\/p>\n\n\n\n<p><\/p>\n\n\n\n<p><\/p>\n","protected":false},"excerpt":{"rendered":"<p>MISS\u00c3OAo servi\u00e7o da Comunidade de Lousada, encontrando respostas sociais e culturais para a integra\u00e7\u00e3o, dinamiza\u00e7\u00e3o e desenvolvimento do individuo enquanto ser biopsicossocial. VIS\u00c3OO COMPLEXO SOCIAL DE LOUSADA visa contribuir para a promo\u00e7\u00e3o integral de todos os paroquianos, coadjuvando os servi\u00e7os p\u00fablicos competentes ou as institui\u00e7\u00f5es particulares num esp\u00edrito de solidariedade humana, crist\u00e3 e social. VALORESAs&hellip;&nbsp;<a href=\"https:\/\/complexosociallousada.pt\/?page_id=415\" class=\"\" rel=\"bookmark\">Ler mais &raquo;<span class=\"screen-reader-text\">Miss\u00e3o, Vis\u00e3o e Valores<\/span><\/a><\/p>\n","protected":false},"author":1,"featured_media":3370,"parent":0,"menu_order":0,"comment_status":"closed","ping_status":"closed","template":"","meta":{"neve_meta_sidebar":"","neve_meta_container":"contained","neve_meta_enable_content_width":"","neve_meta_content_width":0,"neve_meta_title_alignment":"","neve_meta_author_avatar":"","neve_post_elements_order":"","neve_meta_disable_header":"off","neve_meta_disable_footer":"on","neve_meta_disable_title":"off","_ti_tpc_template_sync":false,"_ti_tpc_template_id":"","footnotes":""},"class_list":["post-415","page","type-page","status-publish","has-post-thumbnail","hentry"],"_links":{"self":[{"href":"https:\/\/complexosociallousada.pt\/index.php?rest_route=\/wp\/v2\/pages\/415","targetHints":{"allow":["GET"]}}],"collection":[{"href":"https:\/\/complexosociallousada.pt\/index.php?rest_route=\/wp\/v2\/pages"}],"about":[{"href":"https:\/\/complexosociallousada.pt\/index.php?rest_route=\/wp\/v2\/types\/page"}],"author":[{"embeddable":true,"href":"https:\/\/complexosociallousada.pt\/index.php?rest_route=\/wp\/v2\/users\/1"}],"replies":[{"embeddable":true,"href":"https:\/\/complexosociallousada.pt\/index.php?rest_route=%2Fwp%2Fv2%2Fcomments&post=415"}],"version-history":[{"count":14,"href":"https:\/\/complexosociallousada.pt\/index.php?rest_route=\/wp\/v2\/pages\/415\/revisions"}],"predecessor-version":[{"id":4793,"href":"https:\/\/complexosociallousada.pt\/index.php?rest_route=\/wp\/v2\/pages\/415\/revisions\/4793"}],"wp:featuredmedia":[{"embeddable":true,"href":"https:\/\/complexosociallousada.pt\/index.php?rest_route=\/wp\/v2\/media\/3370"}],"wp:attachment":[{"href":"https:\/\/complexosociallousada.pt\/index.php?rest_route=%2Fwp%2Fv2%2Fmedia&parent=415"}],"curies":[{"name":"wp","href":"https:\/\/api.w.org\/{rel}","templated":true}]}}

Missão, Visão e Valores

<p class="has-nv-light-bg-background-color has-background" style="font-size:15px;font-style:normal;font-weight:200"><strong>MISSÃO</strong><br>Ao serviço da Comunidade de Lousada, encontrando respostas sociais e culturais para a integração, dinamização e desenvolvimento do individuo enquanto ser biopsicossocial.</p>



<p class="has-nv-light-bg-background-color has-background" style="font-size:15px;font-style:normal;font-weight:200"><strong>VISÃO</strong><br>O COMPLEXO SOCIAL DE LOUSADA visa contribuir para a promoção integral de todos os paroquianos, coadjuvando os serviços públicos competentes ou as instituições particulares num espírito de solidariedade humana, cristã e social.</p>



<p class="has-nv-light-bg-background-color has-background" style="font-size:15px;font-style:normal;font-weight:200"><strong>VALORES</strong><br>As pessoas, o respeito pelo meio socioeconómico e o seu desenvolvimento são os pilares do nosso sucesso:<br>&#8211; Satisfação do cliente;<br>&#8211; Cultura empresarial; assente em princípios de equidade e justiça, de ética e moral;<br>&#8211; Criar relações duradouras com os nossos parceiros.</p>



<p></p>



<p></p>



<p></p>

<p>MISSÃOAo serviço da Comunidade de Lousada, encontrando respostas sociais e culturais para a integração, dinamização e desenvolvimento do individuo enquanto ser biopsicossocial. VISÃOO COMPLEXO SOCIAL DE LOUSADA visa contribuir para a promoção integral de todos os paroquianos, coadjuvando os serviços públicos competentes ou as instituições particulares num espírito de solidariedade humana, cristã e social. VALORESAs&hellip;&nbsp;<a href="https://complexosociallousada.pt/?page_id=415" class="" rel="bookmark">Ler mais &raquo;<span class="screen-reader-text">Missão, Visão e Valores</span></a></p>
